. Is d(j) prime?
False
Let u(d) be the third derivative of d**6/120 - 17*d**5/60 + d**4/4 - 13*d**3/6 - d**2. Let j = 69 + -51. Is u(j) composite?
False
Suppose -3*b = -2*z - 6177 + 1938, 4*z - b = -8473. Let g = -859 - z. Is g prime?
True
Let v(x) = 40*x**3 + 5*x**2 - 7*x - 10. Is v(4) a composite number?
True
Let l = -210 - -47. Let b = 902 + l. Is b composite?
False
Let p = -11715 + 20294. Is p prime?
False
Suppose -115590 = -12*s + 286950. Is s prime?
False
Let x be 416/3 + (-2)/3. Let m(j) = j**3 - 18*j**2 + 5. Let w be m(18). Suppose -x = -w*o - o. Is o a prime number?
True
Let z = -59644 - -94865. Is z prime?
True
Let v(n) be the second derivative of n**4/4 + n**3/2 - 2*n**2 + n. Let q be v(5). Let z = q - -285. Is z composite?
True
Let q(m) = 16*m**2 + 11*m - 9. Let u = -17 + 6. Let g be q(u). Is g/12 - 3/2 prime?
True
Is (-266057)/(-55) + ((-6)/(-10) - 1) prime?
False
Suppose -8 = -5*h + 7. Let g(y) = 38*y**2 - 3*y - 3. Let z be g(3). Suppose 4*j = -2*r + z, h*r = -5*j + 3*j + 491. Is r composite?
False
Suppose z - 4*f - 28 = 1080, -f + 3350 = 3*z. Let t be (z/(-12))/(2/(-4)). Suppose -n = -7*n + t. Is n composite?
False
Let f be 8/(-44) + 96/44. Suppose 14 = -f*c + 4. Is 168/5 - (-3)/c a composite number?
True
Let c = -553 - 63. Let t = -39 - c. Is t prime?
True
Let d(b) = -177*b + 5. Suppose 14*v + 40 = 4*v. Is d(v) a prime number?
False
Let j(b) be the first derivative of -221/2*b**2 + 2 + b. Is j(-2) a prime number?
True
Let b(u) = 174*u - 7. Let q be b(-3). Let t = -371 - q. Is t a composite number?
True
Let i(v) = v**3 + 10*v**2 + 7*v - 3. Let b(x) = -x**3 - 12*x**2 + 12*x - 12. Let c be b(-13). Let a be 117/(-15) + c/(-5). Is i(a) composite?
True
Suppose -5*l - 4*d + 760290 = 0, -2*l = 90*d - 85*d - 304099. Is l composite?
True
Let z be 3/(-6)*-598 - 3. Let n = -158 + z. Suppose n = 2*m - 2*w, 2*m + 2*w - 101 - 29 = 0. Is m a composite number?
False
Let v(p) = 66*p**2 + 6*p - 14. Let m be v(-7). Suppose 0 = -11*l + 9*l + m. Is l prime?
False
Let h(p) = -5*p**2 + 19*p - 27. Let s(g) = -g**2 + 5*g - 7. Let f(r) = -2*h(r) + 9*s(r). Is f(10) a prime number?
False
Let g = -17 - -14. Let m(f) = -120*f - 7. Let z be m(g). Let x = z - 212. Is x a composite number?
True
Let v = 2737 - 1836. Is v a prime number?
False
Let w(b) = -b + 1. Let x(c) = -13*c**3 + 25*c**3 + 9*c - 11*c**3 - 13*c**2. Let q(g) = -6*w(g) - x(g). Is q(5) a prime number?
True
Let l be 9/(36/(-16)) - -1304. Suppose -5*n + l = -1485. Is n prime?
True
Suppose -3*w + 7 + 8 = 0. Suppose -5*j - w*q + 0*q = -75, -j + 5*q - 15 = 0. Let c(x) = x**2 + 6*x - 3. Is c(j) a prime number?
True
Suppose 4*w - 204 = 928. Suppose -5*z - w = l - 1120, -2*z = -4*l + 3282. Let v = 1523 - l. Is v composite?
False
Is ((-129073)/(-105)*5)/(1/6) prime?
False
Let y(r) = r**2 - 6*r + 4. Let t be y(5). Let a(h) = 4462*h**2 - 1. Let m be a(t). Is (-6)/8 - m/(-12) a composite number?
True
Suppose 0 = -5*v + 2*k + 44693, -5*v - 5*k = -7*v + 17873. Is v prime?
False
Suppose -7*p + 3092 = -2550. Suppose d + 2*d = 9. Suppose -p = -5*m + d*m. Is m a composite number?
True
Suppose 0 = 817*m - 813*m - 658036. Is m prime?
False
Let t = -16965 + 34734. Is t a prime number?
False
Let u be (-24932)/(-2) + (2 - 0). Suppose 23*t - 11*t - u = 0. Is t prime?
True
Let y(j) = 82*j - 19. Suppose -4*b = i - 17, 0*i = -3*i - b + 29. Is y(i) composite?
False
Is (-174822)/(-42) + ((-72)/21)/(-6) a composite number?
True
Suppose 205957 = 46*x - 630645. Is x composite?
True
Let y(o) be the second derivative of -o**5/20 + 4*o**4/3 + 3*o**3/2 + 7*o**2/2 + 2*o. Is y(15) prime?
True
Let z = -17 + 13. Is (69/9)/(z/6)*-22 a prime number?
False
Suppose -2*a + 5*a = -4*s + 6741, -2*a + 4493 = 3*s. Is a prime?
True
Let z = 68 + -65. Suppose -7*v + 1996 = -z*v. Is v a composite number?
False
Suppose 128 - 8 = 4*t. Suppose 31*f = t*f + 985. Is f a composite number?
True
Let p = -17784 + 26821. Is p a composite number?
True
Let z(y) = -32*y**3 - 5*y**2 + y - 7. Let s(h) = 32*h**3 + 6*h**2 + 7. Let a(t) = -5*s(t) - 6*z(t). Let q be (-1)/(5/1) + 16/5. Is a(q) a composite number?
False
Suppose -4*r = 3*h - 6831, 4*h + 3*r - 6831 = h. Suppose h = 10*w - w. Is w a composite number?
True
Suppose n - 5*v - 44526 = 0, -2*v - 65849 - 23211 = -2*n. Is n composite?
False
Suppose 0 = c - 3*j + 169, -5*c + 4*j - 32 = 813. Suppose 0 = 2*o - 7*o + 2110. Let l = o + c. Is l a prime number?
False
Is (-78788)/(-56) - -2 - (-7)/98 prime?
True
Let r(x) = -53*x**2 + 6*x + 10. Let p be r(-4). Let o = 1827 + p. Is o a prime number?
False
Let b = -686 - -1385. Is b prime?
False
Suppose -3*w + 55225 = 2*q, 22*w - 20*w - 36812 = q. Is w composite?
True
Suppose 8*d + u = 32393, -4*d - d = -3*u - 20242. Is d a prime number?
True
Let m(r) = -44*r + 6. Let g(w) = 43*w - 7. Let l(i) = 3*g(i) + 4*m(i). Is l(-2) a composite number?
False
Let z = -3842 - -14505. Is z a prime number?
True
Let c = 8 - 5. Suppose q = c*q - 614. Is q a prime number?
True
Let w(h) = 8*h**2 + 2*h + 1. Let a = -3 - -10. Let b = a - 5. Is w(b) prime?
True
Let s(v) = -2*v**2 - 2*v - 1. Let a be s(-1). Let n(u) = 195*u + 10. Let i(c) = -197*c - 13. Let j(z) = -2*i(z) - 3*n(z). Is j(a) a prime number?
False
Suppose -4*i + 0*i - 9 = -s, -5*s + 22 = 3*i. Let g be ((-7)/3)/(i/321). Suppose -3*z - 233 = -u + 155, -2*u - 3*z + g = 0. Is u a composite number?
False
Let f be (-12)/54 + 52/(-9). Let k be (10/(-6))/(f/18). Suppose -3*v - 2*y = -283, -3*y - 4 = -k*y. Is v prime?
False
Let j(y) = y**3 + 56*y**2 + 61*y + 156. Is j(-50) prime?
False
Let i(a) = -1634*a - 829. Is i(-4) a composite number?
True
Let y be (1099/1)/(3 + -2). Suppose 6 = 3*t, -5*t = p - 0*t - 1594. Let w = p - y. Is w a prime number?
False
Let l(q) = 5*q**2 + 30*q + 22. Is l(15) a composite number?
False
Let t be -4*(-5 - 1)/(-3). Let v be 56 + 4 + (t - -4). Suppose 5*k + v = 321. Is k prime?
True
Let v(n) = -n**3 + 21*n**2 - 10*n - 215. Is v(19) a prime number?
True
Let k = 65 + -56. Let v(g) be the second derivative of 41*g**3/3 + 11*g**2/2 + g. Is v(k) prime?
False
Let n = 179 + -33. Suppose o = -o + n. Let y = o + -51. Is y a composite number?
True
Let m(j) = -j**3 - 16*j**2 - 15*j + 3. Let u be (-608)/40 - 3/(-15). Let b be m(u). Is (-4)/((-24)/298)*b a composite number?
False
Is (-16179)/((36/(-39))/4*1) a prime number?
False
Suppose 22*g - 29*g + 11851 = 0. Is g prime?
True
Suppose -6*l = -14*l + 12296. Is l a prime number?
False
Let x(d) = -854*d**3 - 3*d**2 - 3*d - 1. Is x(-1) prime?
True
Suppose v = 1401 + 1725. Let t be (-1 + 0)/((-14)/98). Suppose -t*n = -n - v. Is n a composite number?
False
Is 18980981/2327 - (-2)/13 a composite number?
True
Suppose 2*g - d = 9059, g - 25*d + 21*d = 4519. Is g prime?
False
Let g(c) = -13*c - 3. Let u be g(-2). Let t be (10/4)/(2/120). Suppose t - u = o. Is o prime?
True
Is 781 - (-11 + 12 + -7) a composite number?
False
Let w(l) = -l + 6. Let f be w(5). Suppose -1 = v + f. Is v/(-5) + (-1932)/(-20) prime?
True
Let b be 2/((-2)/2)*-2. Suppose -7*o + 1623 = -b*o. Is o prime?
True
Let y be 3 + 3 + -1 + -4. Let w = 1 - -1. Is y/2 - (-1357)/w prime?
False
Let q(c) = -27*c**2 + 6*c + 1. Let a(m) be the second derivative of 9*m**4/4 - 7*m**3/6 + 6*m. Let v(f) = -4*a(f) - 5*q(f). Is v(-6) prime?
False
Suppose -129760 = -11*q - 28131. Is q composite?
False
Let o = 515 + 315. Suppose 0 = 4*v - 2*v - 3510. Suppose 0 = 5*c - v - o. Is c prime?
False
Is 160/(-8) + 7 + 90240 prime?
True
Suppose 8*f = 7*f + 3580. Suppose -2*r = -6, 10*r = -5*d + 5*r + f. Is d prime?
False
Suppose 0 = 4*c + 2*d + 4236, -c + 3*d - 1042 - 10 = 0. Let s = c - -1543. Is s a composite number?
True
Let a be (1/(-2))/((-5)/50). Let v be 4 - 6/(a + -2). Is (6/v)/(-1) + 494 a prime number?
True
Let i(j) = 1274*j - 139. Is i(24) prime?
False
Let s(i) = 192*i**3 - 2*i**2 + 1. Let f be s(1). Let p = f + -34. Is p a composite number?
False
Let s = 9944 - 2371. Is s composite?
False
Let k(s) = s**2 - 11*s + 30. Let h be k(8). Let x(p) = 5*p**3 - 2*p**2 + 7*p - 8. Is x(h) a composite number?
True
Let m be (-10)/(-15)*51/2. Suppose m*k - 15*k = 6. Suppose 8*l - 745 = k*l. Is l composite?
False
Suppose 15 = b - 2*c, -2*c + 28 = 4*b - 2. Is (b + -6)/(15/8545) composite?
False
Is (-188)/(-36) + 2/(-9) + 161354 prime?
False
Let 